{"id":996,"date":"2016-04-01T11:26:27","date_gmt":"2016-04-01T03:26:27","guid":{"rendered":"http:\/\/long-kuang.com\/wordpress\/?post_type=product&#038;p=996"},"modified":"2020-02-03T11:10:01","modified_gmt":"2020-02-03T03:10:01","slug":"%e8%b6%99%e5%ad%9f%e9%a0%ab%e5%a2%a8%e5%af%b6-%e8%88%ac%e8%8b%a5%e6%b3%a2%e7%be%85%e8%9c%9c%e5%a4%9a%e5%bf%83%e7%b6%93-%e7%95%ab%e5%bf%83%e7%95%ab%e6%a1%86","status":"publish","type":"product","link":"http:\/\/www.twtds.com\/?product=%e8%b6%99%e5%ad%9f%e9%a0%ab%e5%a2%a8%e5%af%b6-%e8%88%ac%e8%8b%a5%e6%b3%a2%e7%be%85%e8%9c%9c%e5%a4%9a%e5%bf%83%e7%b6%93-%e7%95%ab%e5%bf%83%e7%95%ab%e6%a1%86","title":{"rendered":"\u8d99\u5b5f\u982b\u58a8\u5bf6-\u822c\u82e5\u6ce2\u7f85\u871c\u591a\u5fc3\u7d93 (\u756b\u5fc3+\u88dd\u6846)"},"content":{"rendered":"<p>\n\t<span style=\"font-size: 26px;\"><span style=\"font-family: arial,helvetica,sans-serif;\"><strong>\u8d99\u5b5f\u982b \u58a8\u5bf6\u300a\u822c\u82e5\u6ce2\u7f85\u871c\u591a\u5fc3\u7d93\u300b\u756b\u5fc3 \u639b\u8ef8<\/strong><\/span><\/span>\n<\/p>\n<p>\n\t<span style=\"font-size: 22px;\"><span style=\"font-family: arial,helvetica,sans-serif;\">\u300a\u6469\u8a36\u822c\u82e5\u6ce2\u7f85\u871c\u591a\u5fc3\u7d93\u300b,\u7565\u7a31\u300a\u822c\u82e5\u5fc3\u7d93\u300b\u3001\u300a\u5fc3\u7d93\u300b,\u70ba\u5510\u671d\u7384\u5958\u5927\u5e2b(602-664)\u6240\u8b6f,\u5168\u6587\u4e8c\u767e\u516d\u5341\u5b57\u662f\u4e03\u767e\u9918\u5377\u300a\u822c\u82e5\u7d93\u300b\u7684\u4f5b\u6cd5\u5fc3\u9ad3\u3002\u5176\u4e2d\u300c\u822c\u82e5\u6ce2\u7f85\u871c\u591a\u5fc3\u7d93\u300d(\u68b5\u6587\uff1apraj&ntilde;\u0101p\u0101ramit\u0101\uff09\u76f4\u8b6f\u70ba\u4ee5\u4f5b\u6cd5\u7684\u667a\u6167\u5230\u9054\u751f\u6b7b\u89e3\u812b\u7684\u5f7c\u5cb8\u3002<\/span><\/span>\n<\/p>\n<p>\n\t<span style=\"font-size: 22px;\"><span style=\"font-family: arial,helvetica,sans-serif;\">\u300c\u5143\u4eba\u51a0\u5195\u300d\u8d99\u5b5f\u982b,\u8207\u6b50\u967d\u8a62\u3001\u984f\u771f\u537f\u3001\u67f3\u516c\u6b0a\u4e26\u7a31\u300c\u6977\u66f8\u56db\u5927\u5bb6\u300d\u3002\u8d99\u5b5f\u982b\u50be\u5fc3\u65bc\u4f5b\u9053,\u64da\u300a\u5143\u53f2\u300b\u8f09:\u300c\u8d99\u5b5f\u982b\u65c1\u901a\u4f5b\u3001\u8001\u4e4b\u65e8,\u7686\u4eba\u6240\u4e0d\u53ca\u3002\u300d\u5176\u6977\u66f8\u7b46\u6cd5\u5713\u719f,\u6284\u9304\u300a\u822c\u82e5\u6ce2\u7f85\u871c\u591a\u5fc3\u7d93\u300b\u66f8\u98a8\u838a\u56b4\u7965\u548c\u3002<\/span><\/span>\n<\/p>\n<p>\n\t<span style=\"font-size: 22px;\"><span style=\"font-family: arial,helvetica,sans-serif;\">\u672c\u4ef6\u4ee5\u73fe\u4ee3\u79d1\u6280\u7d50\u5408\u5931\u50b3\u5343\u5e74\u53e4\u8001\u5de5\u85dd\u5370\u88fd,\u4f7f\u66f8\u6cd5\u5b57\u9ad4\u58a8\u91d1\u8272\u6fa4\u6fc3\u5bcc\u6c89\u7a69\u5448\u73fe\u7acb\u9ad4\u611f,\u642d\u914d\u6df1\u85cd\u8272\u7d79\u5e03\u5f70\u986f\u8d99\u9ad4\u66f8\u6cd5\u4e4b\u7f8e\u3002\u4ef6\u4e2d\u6b77\u4ee3\u7687\u5e1d\u5fa1\u89bd\u4e4b\u74bd\uff0c\u64da\u50b3\u6709\u907f\u90aa\u3001\u93ae\u715e\u4e4b\u529f\u6548\uff0c\u798f\u5fb7\u718f\u6c90\u6709\u7de3\u4eba\u3002\u53ef\u81ea\u884c\u88f1\u8919(\u6846)\uff0c\u70ba\u81ea\u7528\u3001\u993d\u8d08\u6700\u4f73\u85dd\u8853\u7d00\u5ff5\u6536\u85cf\u54c1\u3002<\/span><\/span>\n<\/p>\n<p>\n\t&nbsp;\n<\/p>\n<p>\n\t<span style=\"font-size: 26px;\"><span style=\"font-family: arial,helvetica,sans-serif;\"><strong>\u7d93\u5178\u8aaa\u660e<\/strong><\/span><\/span><br \/>\n\t<span style=\"font-size: 22px;\"><span style=\"font-family: arial,helvetica,sans-serif;\">\u300a\u822c\u82e5\u6ce2\u7f85\u871c\u591a\u5fc3\u7d93\u300b\uff08praj&ntilde;\u0101p\u0101ramit\u0101h\u1e5bdayas\u016btra\u1e41\uff09<br \/>\n\t\u671d\u4ee3\uff1a\u660e<br \/>\n\t\u5c3a\u5bf8\uff1a\u6bcf\u534a\u8449\u6846 21.1 x 12.1 \u516c\u5206<br \/>\n\t\u5f62\u5f0f\uff1a\u7d93\u647a\u88dd<br \/>\n\t\u7248\u672c :\u5510\u4e09\u85cf\u6cd5\u5e2b\u7384\u5958\u8b6f \u6ce5\u91d1\u4eff\u5143\u8d99\u5b5f\u982b\u5beb\u672c \u660e\u5609\u9756\u4e19\u8fb0\uff08\u4e09\u5341\u4e94\u5e74\uff09\u4ec7\u82f1\u7e6a\u5716<br \/>\n\t\u6536\u85cf\u5370\u8a18:\u300c\u4e94\u798f\u4e94\u4ee3\u5802\u53e4\u5e0c\u5929\u5b50\u5bf6\u300d\u6731\u65b9\u3001\u300c\u516b\u5fb5\u8004\u5ff5\u4e4b\u5bf6\u300d\u6731\u65b9\u3001\u300c\u5341\u5dde\u300d\u6731\u846b\u3001\u300c\u4ec7\u82f1\u5be6\u7236\u300d\u91d1\u5370\u767d\u65b9\u3001\u300c\u8d99\u5b5f\u982b\u5370\u300d\u6731\u65b9\u3001\u300c\u4e7e\u9686\u5fa1\u8cde\u4e4b\u5bf6\u300d\u6731\u65b9\u3001\u300c\u5609\u6176\u5fa1\u89bd\u4e4b\u5bf6\u300d\u6731\u6a62\u3001\u300c\u592a\u4e0a\u7687\u5e1d\u4e4b\u5bf6\u300d\u6731\u65b9\u3001\u300c\u4e7e\u9686\u9451\u8cde\u300d\u767d\u5713\u3001\u300c\u5609\u6176\u9451\u8cde\u300d\u767d\u5713\u3001\u300c\u79d8\u6bbf\u73e0\u6797\u300d\u6731\u9577\u3001\u300c\u73e0\u6797\u4e09\u7de8\u300d\u6731\u65b9\u3001\u300c\u4e7e\u6e05\u5bae\u9451\u85cf\u5bf6\u300d\u6731\u9577\u3001\u300c\u4e09\u5e0c\u5802\u7cbe\u9451\u74bd\u300d\u6731\u9577\u3001\u300c\u5b9c\u5b50\u5b6b\u300d\u767d\u65b9\u3002<\/span><\/span><\/p>\n","protected":false},"excerpt":{"rendered":"<p>\n\t<span style=\"font-size: 26px;\"><span style=\"font-family: arial,helvetica,sans-serif;\"><strong>\u756b\u5fc3<\/strong><\/span><\/span><br \/>\n\t<span style=\"font-size: 22px;\"><span style=\"font-family: arial,helvetica,sans-serif;\"><u>\u5c3a\u5bf8<\/u>\uff1a\u957780 x \u5bec 36 \u516c\u5206<br \/>\n\t<u>\u6750\u8cea<\/u><\/span><\/span><font face=\"Arial\" size=\"5\">\uff1a<\/font><span style=\"font-size: 22px;\"><span style=\"font-family: arial,helvetica,sans-serif;\">\u7d68\u5e03<br \/>\n\t<u>\u5305\u88dd<\/u><\/span><\/span><font face=\"Arial\" size=\"5\">\uff1a<\/font><span style=\"font-size: 22px;\"><span style=\"font-family: arial,helvetica,sans-serif;\">\u7d19\u7b52<\/span><\/span>\n<\/p>\n<p>\n\t<span style=\"font-size: 26px;\"><strong><span style=\"font-family: arial,helvetica,sans-serif;\">\u88dd\u6846<\/span><\/strong><\/span><br \/>\n\t<span style=\"font-size: 22px;\"><span style=\"font-family: arial,helvetica,sans-serif;\"><u>\u5c3a\u5bf8<\/u><\/span><\/span><font face=\"Arial\" size=\"5\">\uff1a<\/font><span style=\"font-size: 22px;\"><span style=\"font-family: arial,helvetica,sans-serif;\">\u9577 107 x \u5bec 61 \u516c\u5206<br \/>\n\t<u>\u6750\u8cea<\/u><\/span><\/span><font face=\"Arial\" size=\"5\">\uff1a<\/font><span style=\"font-size: 22px;\"><span style=\"font-family: arial,helvetica,sans-serif;\">\u6728\u6599\u3001\u58d3\u514b\u529b<br \/>\n\t<u>\u5305\u88dd<\/u><\/span><\/span><font face=\"Arial\" size=\"5\">\uff1a<\/font><span style=\"font-size: 22px;\"><span style=\"font-family: arial,helvetica,sans-serif;\">\u74e6\u695e\u7d19<\/span><\/span><\/p>\n","protected":false},"featured_media":2315,"comment_status":"open","ping_status":"closed","template":"","meta":{"_acf_changed":false,"kt_blocks_editor_width":""},"product_brand":[],"product_cat":[20,29],"product_tag":[],"class_list":{"0":"post-996","1":"product","2":"type-product","3":"status-publish","4":"has-post-thumbnail","6":"product_cat-20","7":"product_cat-29","9":"first","10":"instock","11":"taxable","12":"shipping-taxable","13":"purchasable","14":"product-type-simple"},"acf":[],"jetpack_sharing_enabled":true,"jetpack_likes_enabled":true,"jetpack-related-posts":[{"id":992,"url":"http:\/\/www.twtds.com\/?product=%e8%b6%99%e5%ad%9f%e9%a0%ab%e5%a2%a8%e5%af%b6-%e8%88%ac%e8%8b%a5%e6%b3%a2%e7%be%85%e8%9c%9c%e5%a4%9a%e5%bf%83%e7%b6%93-%e7%95%ab%e5%bf%83","url_meta":{"origin":996,"position":0},"title":"\u8d99\u5b5f\u982b\u58a8\u5bf6-\u822c\u82e5\u6ce2\u7f85\u871c\u591a\u5fc3\u7d93 (\u756b\u5fc3)","author":"\u5168\u7403\u9f8d\u85cf\u9928\u5fd7\u5de5","date":"2016-04-01","format":false,"excerpt":"\u756b\u5fc3 \u5c3a\u5bf8\uff1a\u957780 x \u5bec 36 \u516c\u5206 \u6750\u8cea\uff1a\u7d68\u5e03 \u5305\u88dd\uff1a\u7d19\u7b52 \u88dd\u6846 \u5c3a\u5bf8\uff1a\u9577 107 x \u5bec 61\u2026","rel":"","context":"\u985e\u4f3c\u6587\u7ae0","block_context":{"text":"\u985e\u4f3c\u6587\u7ae0","link":""},"img":{"alt_text":"","src":"https:\/\/i0.wp.com\/www.twtds.com\/wp-content\/uploads\/2016\/04\/%E9%BE%8D%E5%B2%A1_%E8%B6%99%E5%AD%9F%E9%A0%AB%E5%BF%83%E7%B6%93_%E6%96%B0%E7%89%88_%E7%95%AB%E5%BF%83-scaled.jpg?resize=350%2C200","width":350,"height":200,"srcset":"https:\/\/i0.wp.com\/www.twtds.com\/wp-content\/uploads\/2016\/04\/%E9%BE%8D%E5%B2%A1_%E8%B6%99%E5%AD%9F%E9%A0%AB%E5%BF%83%E7%B6%93_%E6%96%B0%E7%89%88_%E7%95%AB%E5%BF%83-scaled.jpg?resize=350%2C200 1x, https:\/\/i0.wp.com\/www.twtds.com\/wp-content\/uploads\/2016\/04\/%E9%BE%8D%E5%B2%A1_%E8%B6%99%E5%AD%9F%E9%A0%AB%E5%BF%83%E7%B6%93_%E6%96%B0%E7%89%88_%E7%95%AB%E5%BF%83-scaled.jpg?resize=525%2C300 1.5x, https:\/\/i0.wp.com\/www.twtds.com\/wp-content\/uploads\/2016\/04\/%E9%BE%8D%E5%B2%A1_%E8%B6%99%E5%AD%9F%E9%A0%AB%E5%BF%83%E7%B6%93_%E6%96%B0%E7%89%88_%E7%95%AB%E5%BF%83-scaled.jpg?resize=700%2C400 2x, https:\/\/i0.wp.com\/www.twtds.com\/wp-content\/uploads\/2016\/04\/%E9%BE%8D%E5%B2%A1_%E8%B6%99%E5%AD%9F%E9%A0%AB%E5%BF%83%E7%B6%93_%E6%96%B0%E7%89%88_%E7%95%AB%E5%BF%83-scaled.jpg?resize=1050%2C600 3x, https:\/\/i0.wp.com\/www.twtds.com\/wp-content\/uploads\/2016\/04\/%E9%BE%8D%E5%B2%A1_%E8%B6%99%E5%AD%9F%E9%A0%AB%E5%BF%83%E7%B6%93_%E6%96%B0%E7%89%88_%E7%95%AB%E5%BF%83-scaled.jpg?resize=1400%2C800 4x"},"classes":[]},{"id":1411,"url":"http:\/\/www.twtds.com\/?product=%e8%b6%99%e5%ad%9f%e9%a0%ab%e5%a2%a8%e5%af%b6-%e8%88%ac%e8%8b%a5%e6%b3%a2%e7%be%85%e8%9c%9c%e5%a4%9a%e5%bf%83%e7%b6%93-%e6%8e%9b%e8%bb%b8-2","url_meta":{"origin":996,"position":1},"title":"\u8d99\u5b5f\u982b\u58a8\u5bf6-\u822c\u82e5\u6ce2\u7f85\u871c\u591a\u5fc3\u7d93 (\u639b\u8ef8)","author":"\u5168\u7403\u9f8d\u85cf\u9928\u5fd7\u5de5","date":"2016-06-20","format":false,"excerpt":"\u756b\u5fc3 \u5c3a\u5bf8\uff1a\u957780 x \u5bec 36 \u516c\u5206 \u6750\u8cea\uff1a\u7d19\u5f35\u3001\u7d79\u5e03 \u5305\u88dd\uff1a\u7d19\u7b52 \u639b\u8ef8 \u5c3a\u5bf8\uff1a\u9577 162 x \u5bec\u2026","rel":"","context":"\u985e\u4f3c\u6587\u7ae0","block_context":{"text":"\u985e\u4f3c\u6587\u7ae0","link":""},"img":{"alt_text":"","src":"https:\/\/i0.wp.com\/www.twtds.com\/wp-content\/uploads\/2016\/06\/5.%E5%85%B6%E4%BB%96_%E8%B6%99%E5%AD%9F%E9%A0%AB%E5%BF%83%E7%B6%93_%E7%9B%B4%E5%BC%8F%E6%8D%B2%E8%BB%B8.jpg?resize=350%2C200","width":350,"height":200,"srcset":"https:\/\/i0.wp.com\/www.twtds.com\/wp-content\/uploads\/2016\/06\/5.%E5%85%B6%E4%BB%96_%E8%B6%99%E5%AD%9F%E9%A0%AB%E5%BF%83%E7%B6%93_%E7%9B%B4%E5%BC%8F%E6%8D%B2%E8%BB%B8.jpg?resize=350%2C200 1x, https:\/\/i0.wp.com\/www.twtds.com\/wp-content\/uploads\/2016\/06\/5.%E5%85%B6%E4%BB%96_%E8%B6%99%E5%AD%9F%E9%A0%AB%E5%BF%83%E7%B6%93_%E7%9B%B4%E5%BC%8F%E6%8D%B2%E8%BB%B8.jpg?resize=525%2C300 1.5x, https:\/\/i0.wp.com\/www.twtds.com\/wp-content\/uploads\/2016\/06\/5.%E5%85%B6%E4%BB%96_%E8%B6%99%E5%AD%9F%E9%A0%AB%E5%BF%83%E7%B6%93_%E7%9B%B4%E5%BC%8F%E6%8D%B2%E8%BB%B8.jpg?resize=700%2C400 2x, https:\/\/i0.wp.com\/www.twtds.com\/wp-content\/uploads\/2016\/06\/5.%E5%85%B6%E4%BB%96_%E8%B6%99%E5%AD%9F%E9%A0%AB%E5%BF%83%E7%B6%93_%E7%9B%B4%E5%BC%8F%E6%8D%B2%E8%BB%B8.jpg?resize=1050%2C600 3x, https:\/\/i0.wp.com\/www.twtds.com\/wp-content\/uploads\/2016\/06\/5.%E5%85%B6%E4%BB%96_%E8%B6%99%E5%AD%9F%E9%A0%AB%E5%BF%83%E7%B6%93_%E7%9B%B4%E5%BC%8F%E6%8D%B2%E8%BB%B8.jpg?resize=1400%2C800 4x"},"classes":[]},{"id":998,"url":"http:\/\/www.twtds.com\/?product=%e6%91%a9%e8%a8%b6%e8%88%ac%e8%8b%a5%e6%b3%a2%e7%be%85%e8%9c%9c%e5%a4%9a%e5%bf%83%e7%b6%93-%e6%8e%9b%e8%bb%b8","url_meta":{"origin":996,"position":2},"title":"\u6469\u8a36\u822c\u82e5\u6ce2\u7f85\u871c\u591a\u5fc3\u7d93 (\u639b\u8ef8)","author":"\u5168\u7403\u9f8d\u85cf\u9928\u5fd7\u5de5","date":"2016-04-01","format":false,"excerpt":"\u300a\u6469\u8a36\u822c\u82e5\u6ce2\u7f85\u871c\u591a\u5fc3\u7d93\u300b,\u7565\u7a31\u300a\u822c\u82e5\u5fc3\u7d93\u300b\u3001\u300a\u5fc3\u7d93\u300b,\u70ba\u5510\u671d\u7384\u5958\u5927\u5e2b(602-664)\u6240\u8b6f,\u5168\u6587\u4e8c\u767e\u2026","rel":"","context":"\u985e\u4f3c\u6587\u7ae0","block_context":{"text":"\u985e\u4f3c\u6587\u7ae0","link":""},"img":{"alt_text":"","src":"https:\/\/i0.wp.com\/www.twtds.com\/wp-content\/uploads\/2016\/04\/604.jpg?resize=350%2C200","width":350,"height":200,"srcset":"https:\/\/i0.wp.com\/www.twtds.com\/wp-content\/uploads\/2016\/04\/604.jpg?resize=350%2C200 1x, https:\/\/i0.wp.com\/www.twtds.com\/wp-content\/uploads\/2016\/04\/604.jpg?resize=525%2C300 1.5x"},"classes":[]},{"id":997,"url":"http:\/\/www.twtds.com\/?product=%e8%b6%99%e5%ad%9f%e9%a0%ab%e5%a2%a8%e5%af%b6-%e8%88%ac%e8%8b%a5%e6%b3%a2%e7%be%85%e8%9c%9c%e5%a4%9a%e5%bf%83%e7%b6%93-%e6%8e%9b%e8%bb%b8","url_meta":{"origin":996,"position":3},"title":"\u8463\u5176\u660c\u822c\u82e5\u6ce2\u7f85\u871c\u591a\u5fc3\u7d93 (\u639b\u8ef8)","author":"\u5168\u7403\u9f8d\u85cf\u9928\u5fd7\u5de5","date":"2016-04-01","format":false,"excerpt":"\u300a\u6469\u8a36\u822c\u82e5\u6ce2\u7f85\u871c\u591a\u5fc3\u7d93\u300b,\u7565\u7a31\u300a\u822c\u82e5\u5fc3\u7d93\u300b\u3001\u300a\u5fc3\u7d93\u300b,\u70ba\u5510\u671d\u7384\u5958\u5927\u5e2b(602-664)\u6240\u8b6f,\u5168\u6587\u4e8c\u767e\u2026","rel":"","context":"\u985e\u4f3c\u6587\u7ae0","block_context":{"text":"\u985e\u4f3c\u6587\u7ae0","link":""},"img":{"alt_text":"","src":"https:\/\/i0.wp.com\/www.twtds.com\/wp-content\/uploads\/2016\/04\/602.jpg?resize=350%2C200","width":350,"height":200,"srcset":"https:\/\/i0.wp.com\/www.twtds.com\/wp-content\/uploads\/2016\/04\/602.jpg?resize=350%2C200 1x, https:\/\/i0.wp.com\/www.twtds.com\/wp-content\/uploads\/2016\/04\/602.jpg?resize=525%2C300 1.5x"},"classes":[]},{"id":1768,"url":"http:\/\/www.twtds.com\/?product=%e3%80%8a%e9%be%8d%e5%b2%a1%e6%95%b8%e4%bd%8d%e6%96%87%e5%8c%96%e3%80%8b%e5%85%83-%e8%b6%99%e5%ad%9f%e9%a0%ab-%e8%88%ac%e8%8b%a5%e6%b3%a2%e7%be%85%e8%9c%9c%e5%a4%9a%e5%bf%83%e7%b6%93","url_meta":{"origin":996,"position":4},"title":"\u300a\u9f8d\u5ca1\u6578\u4f4d\u6587\u5316\u300b\u5143 \u8d99\u5b5f\u982b \u822c\u82e5\u6ce2\u7f85\u871c\u591a\u5fc3\u7d93","author":"\u5168\u7403\u9f8d\u85cf\u9928\u5fd7\u5de5","date":"2016-11-10","format":false,"excerpt":"\u66f8\u540d\uff1a\u5143 \u8d99\u5b5f\u982b \u822c\u82e5\u6ce2\u7f85\u871c\u591a\u5fc3\u7d93 \u51fa\u7248\u8005\uff1a\u9f8d\u5ca1\u6578\u4f4d\u6587\u5316\u80a1\u4efd\u6709\u9650\u516c\u53f8 \u5c3a\u5bf8\uff1a\u7d0414cm*28cm&n\u2026","rel":"","context":"\u985e\u4f3c\u6587\u7ae0","block_context":{"text":"\u985e\u4f3c\u6587\u7ae0","link":""},"img":{"alt_text":"","src":"https:\/\/i0.wp.com\/www.twtds.com\/wp-content\/uploads\/2016\/11\/SCAN_1101_003_3K.jpg?resize=350%2C200","width":350,"height":200,"srcset":"https:\/\/i0.wp.com\/www.twtds.com\/wp-content\/uploads\/2016\/11\/SCAN_1101_003_3K.jpg?resize=350%2C200 1x, https:\/\/i0.wp.com\/www.twtds.com\/wp-content\/uploads\/2016\/11\/SCAN_1101_003_3K.jpg?resize=525%2C300 1.5x, https:\/\/i0.wp.com\/www.twtds.com\/wp-content\/uploads\/2016\/11\/SCAN_1101_003_3K.jpg?resize=700%2C400 2x, https:\/\/i0.wp.com\/www.twtds.com\/wp-content\/uploads\/2016\/11\/SCAN_1101_003_3K.jpg?resize=1050%2C600 3x, https:\/\/i0.wp.com\/www.twtds.com\/wp-content\/uploads\/2016\/11\/SCAN_1101_003_3K.jpg?resize=1400%2C800 4x"},"classes":[]},{"id":1006,"url":"http:\/\/www.twtds.com\/?product=%e5%85%83%e2%80%a7%e8%b6%99%e5%ad%9f%e9%a0%ab%e8%88%ac%e8%8b%a5%e6%b3%a2%e7%be%85%e8%9c%9c%e5%a4%9a%e5%bf%83%e7%b6%93%e6%96%87%e9%8e%ae","url_meta":{"origin":996,"position":5},"title":"\u5143\u2027\u8d99\u5b5f\u982b\u822c\u82e5\u6ce2\u7f85\u871c\u591a\u5fc3\u7d93\u6587\u93ae","author":"\u5168\u7403\u9f8d\u85cf\u9928\u5fd7\u5de5","date":"2016-04-01","format":false,"excerpt":"\u54c1 \u540d\uff1a\u5143\u2027\u8d99\u5b5f\u982b\u822c\u82e5\u6ce2\u7f85\u871c\u591a\u5fc3\u7d93\u6587\u93ae \u6750 \u8cea\uff1a\u58d3\u514b\u529b\u3001\u7d68\u5e03\u3001\u7cbe\u88dd\u76d2 \u5c3a\u00a0\u5bf8\uff1a\u957730\u516c\u5206(\u2026","rel":"","context":"\u985e\u4f3c\u6587\u7ae0","block_context":{"text":"\u985e\u4f3c\u6587\u7ae0","link":""},"img":{"alt_text":"","src":"https:\/\/i0.wp.com\/www.twtds.com\/wp-content\/uploads\/2016\/04\/605.jpg?resize=350%2C200","width":350,"height":200,"srcset":"https:\/\/i0.wp.com\/www.twtds.com\/wp-content\/uploads\/2016\/04\/605.jpg?resize=350%2C200 1x, https:\/\/i0.wp.com\/www.twtds.com\/wp-content\/uploads\/2016\/04\/605.jpg?resize=525%2C300 1.5x"},"classes":[]}],"_links":{"self":[{"href":"http:\/\/www.twtds.com\/index.php?rest_route=\/wp\/v2\/product\/996","targetHints":{"allow":["GET"]}}],"collection":[{"href":"http:\/\/www.twtds.com\/index.php?rest_route=\/wp\/v2\/product"}],"about":[{"href":"http:\/\/www.twtds.com\/index.php?rest_route=\/wp\/v2\/types\/product"}],"replies":[{"embeddable":true,"href":"http:\/\/www.twtds.com\/index.php?rest_route=%2Fwp%2Fv2%2Fcomments&post=996"}],"wp:featuredmedia":[{"embeddable":true,"href":"http:\/\/www.twtds.com\/index.php?rest_route=\/wp\/v2\/media\/2315"}],"wp:attachment":[{"href":"http:\/\/www.twtds.com\/index.php?rest_route=%2Fwp%2Fv2%2Fmedia&parent=996"}],"wp:term":[{"taxonomy":"product_brand","embeddable":true,"href":"http:\/\/www.twtds.com\/index.php?rest_route=%2Fwp%2Fv2%2Fproduct_brand&post=996"},{"taxonomy":"product_cat","embeddable":true,"href":"http:\/\/www.twtds.com\/index.php?rest_route=%2Fwp%2Fv2%2Fproduct_cat&post=996"},{"taxonomy":"product_tag","embeddable":true,"href":"http:\/\/www.twtds.com\/index.php?rest_route=%2Fwp%2Fv2%2Fproduct_tag&post=996"}],"curies":[{"name":"wp","href":"https:\/\/api.w.org\/{rel}","templated":true}]}}